- -4?
-29
Evaluate (36 - 24) + 42 - 66.
-12
What is (-43 - (68 + -69)) + -32?
-74
What is the value of -28 + -1 + (15 - 1) + (-5 - 1)?
-21
Evaluate -3 + 0 + -1 + (64 - (-29 + (29 - -95))).
-35
57 + (-36 + 21 + 4 - (-29 + 2))
73
What is -1 + -7 - (-11 - (29 - 26))?
6
Calculate (-3 - 41) + (-36 - -62 - 51).
-69
What is the value of -7 + (-15 - (12 + -2 + -22))?
-10
What is the value of 83 + -48 - (-44 - -62)?
17
What is -38 + (-18 + 70 - -31)?
45
Calculate 12 - (2 + -6 + (4 - -5) + (-16 - 90)).
113
1937 + -1951 + (-3 - -22)
5
What is the value of (4 - (-2 - 13)) + -123 + 51?
-53
Evaluate -18 + 13 + -6 + -10.
-21
-31 - (1 + 3 - 3) - (-53 + 15 + 37)
-31
Evaluate 14 + -37 + -1 + 43.
19
Calculate -11 - ((-2416 - -2479) + -38 + 0).
-36
What is 4 + 2 + -49 + 33 - 19?
-29
Evaluate (8 - (1 + -2 + 2)) + -134 + 219 + -42.
50
Evaluate 7 - (-118 + 5 + (-31 - (-9 - 37))).
105
Calculate -119 + 1 - (4955 + -4971).
-102
Evaluate (-1136 - -1226) + -28 + -1 + -11.
50
What is -2 + -1 + 10 + 15 + -17 + -1 + -7?
-3
Evaluate 72 + -3 - ((-21 - 15) + 52).
53
Calculate ((81 - 93) + 123 - (-20 + 0)) + -18.
113
What is (-1 - -10) + ((17 + -3 - -11) + -20 - -38)?
52
(-1 - 1) + (15 + -5 + -8 - 67)
-67
Evaluate (-3 - (3 + 1 - (38 - 43))) + 3 + -62.
-71
(-132 - -8) + -31 + 117
-38
What is the value of -6 + 18 + (-4 + 0 - -12 - (-1 + 36))?
-15
What is (22 + -33 - 1) + (33 - -5)?
26
35 + -103 + -8 + 122
46
8 + (3 - 0 - (24 + -15 + 23))
-21
What is the value of -8 + -2 + (-157 - -143) + (4 - (4 - 0))?
-24
Evaluate 15 + 6 + -15 + 16 + -14 - 47.
-39
144 + -175 + -6 + 14
-23
What is 6 + -14 + (-84 + 7 - -13 - -14)?
-58
What is the value of -10 - (-13 + -10 + 27 + -8 - 25)?
19
Calculate 0 - (1 + 8) - (-444 + -38 + 555).
-82
What is the value of 18 - (2 + -4 + (-11 - -21)) - (-54 - 0)?
64
5 - (-4 - (6 + (-35 - -2) - -8)) - -60
50
Evaluate -2118 - -2107 - (-44 + (-4 - -4 - 4)).
37
Calculate (-2 - 0 - (7 + -8)) + (19 - -51 - 91).
-22
Calculate (858 - 878) + -5 + (2 - 5).
-28
What is 71 - (7 - (52 - 171))?
-55
(-12 - 0 - (50 + -74 - -20)) + 0
-8
What is -2557 + 2550 - (2 + (1 - 1 - -1))?
-10
Evaluate 57 + 60 + -143 + 22.
-4
-63 + (8 - (-10 - (7 + (8 - 29 - 0))))
-59
Evaluate (-60 - -49) + (3 - (2 - 4)) - 9.
-15
-177 - -329 - 136 - (56 + -2 + 1)
-39
What is the value of -31 - (-1 - (-8 + 2 + 9)) - (-11 - -1)?
-17
What is the value of 5 + 1 - (-17 + (51 - 1 - 29))?
2
What is the value of -6 + 2 + 45 - (-32 - -45) - 9?
19
Calculate 3 - (-298 + 286 + (-1 - -6)).
10
42 - (-1 + -2 + (18 - (42 + -14)) + 6)
49
Evaluate 43 - ((6 - 28) + (21 - 3)).
47
What is -1 + -7 - (1313 - 1287)?
-34
Calculate -7 + 92 - (-1 + -16 - (-13 + 2) - -6).
85
2 + 4 - 108 - (-463 + 444)
-83
-18 - (0 - 4 - (-1 + 6))
-9
59 - (30 + -51 + 41)
39
Evaluate 58 + -17 + -36 - (34 - (0 - 1)).
-30
Calculate -4 - (-2 + -50 - (75 + -32 + -32)).
59
What is -8 + 0 - (-1780 - -1754)?
18
-10 + (24 + -2 - (-63 - -69)) - (-15 + -6)
27
Evaluate 21 + (-86 - -5 - -68).
8
What is -2 - (-55 - (137 - 162))?
28
Calculate 22 + -2 + (6 + -10 - 12) + 7.
11
What is 17 - (-10 - (2 - (8 + -13) - -1))?
35
What is the value of -12 + -1 + -18 + 5 + 28 - (1 - 16)?
17
What is 15 + (40 - 65 - -53)?
43
Calculate -8 + (-9 - -17) + -21 + 18.
-3
Evaluate 49 + 9 + -49 - (1 + -83 - 5).
96
Evaluate 6 + 5 + -25 + -13 + (-8 - (-7 + 6)).
-34
Calculate (-30 - 1) + -138 + (132 - -158).
121
0 - (51 - (12 - (11 - 8) - 6))
-48
What is (-96 - -101 - (2 - 0)) + 4?
7
What is -34 - (-10 + 2) - (7 - (-10 + 5))?
-38
Evaluate 624 - 632 - (-2 - 26).
20
What is the value of 26 + (47 - 20) + -153 + 27?
-73
Calculate -3 + -2 + -97 + (37 + 26 - 85).
-124
What is 64 - (43 + -37 - (33 - 11 - 11))?
69
Calculate -1 + -47 - (-41 + 61 + -27).
-41
Calculate (-213 - -267) + -2 + -61.
-9
Calculate (-2 - -4) + -39 - (-4 + 13 - 2).
-44
Calculate -16 + 9 + 2 - -15 - (-14 + 2).
22
13 - (-75 + 42) - 55
-9
What is the value of -76 - (-97 - 74) - 9?
86
-20 + (122 - 119 - (-22 - 0)) - 100
-95
Evaluate -15 + -35 + 50 + (24 - (-7 + 13)).
18
What is the value of (-100 - (112 + -148)) + -9?
-73
Evaluate 83 + (82 - 246) + 130.
49
Evaluate 108 + (-135 - -66) - 60.
-21
Evaluate (-19 - -75 - 35) + -13 - -67.
75
2 + -1 - 6 - (-333 + -11 + 330)
9
Evaluate (-1 - (1 - 3)) + -772 + 843.
72
15 + (2 + 14 - (-148 + 152))
27
What is -48 + 12 + 30 + (-1 - -22) + (9 - 7)?
17
What is -32 + 15 + 21 - (-3 + (-6 - 1))?
14
Evaluate -59 + 66 - (-37 + 110).
-66
What is the value of 7 + (21 - (-4 - -12)) + -5 - 15?
0
Calculate 9 - (21 + -2 - (570 + -506)).
54
What is the value of -23 + 6 + 12 + (-17 - 9) - (-1 - -4)?
-34
Evaluate 0 + -73 + (1700 - 1666).
-39
What is 44 - (82 + (32 - -37))?
-107
Evaluate (20 - (2 - 4)) + (2220 - 2255).
-13
What is -18 + (-1 - (-20 + 9)) + -7?
-15
Calculate (2040 - 2014) + -27 + 0 - -117.
116
What is -44 + 75 + -23 + -41?
-33
Evaluate 4 + (16 - (-20 - -31)) + 27 + -3.
33
What is the value of 5 - (152 - 137) - ((-2 - 8) + 2)?
-2
What is the value of 1 + -102 - (11830 + -11935)?
4
Evaluate -21 + 5 - -34 - 14 - (-2 - 29).
35
Evaluate 75 - 83 - (12 - (-18 + (1 - 1))).
-38
What is the value of -95 + (-72 - -64) + (16 - -1) - -9?
-77
16 + -19 + -10 - (7 + -3 + -72)
55
Evaluate -23 + -24 + (-14 - -13) + 13.
-35
What is 0 - (13 + (-20 - (9 - 14)))?
2
What is (15 - -15) + (0 + -10 - 2) + (-6 - 5)?
7
What is the value of -121 + 62 + 2 + 20 + 9?
-28
Evaluate -6 + 3 + 16 + 444 + -414.
43
70 + (-583 - -462) - (12 + (1 - 1) + 0)
-63
What is (-1 + -13 - (-52 - (-62 - -48))) + -129?
-105
Calculate (-26 - (9 + -2)) + -5 + 18.
-20
What is the value of (-17 - 1) + (-87 - -100) + 17 + 49?
61
(6 - -1) + -1 + (41 - 120 - -93)
20
-9 + 22 + (-28 - -19)
4
Evaluate -25 + 12 - -25 - (45 + 1 - -5).
-39
What is 1 + -18 - (2206 - 2202)?
-21
What is 1323 + -1333 - (-1 - 47)?
38
Calculate (-67 - (-6 + 12 + -20)) + 8.
-45
-37 - (-6 + 14 - (-6 - (7 - 14 - -2)))
-46
(74 - 0 - 165) + 122
31
Calculate 278 + -241 - (43 - -7).
-13
Evaluate -146 + 114 - (-60 + -8).
36
Evaluate -14 - (5 + (12 - 35)) - 5 - -30.
29
Calculate 52 - (-4 + 45) - -14.
25
Evaluate -1 + (2 - 18) + 104 + -89 + 37.
35
What is 2 + 33 + (-514 - -432)?
-47
What is the value of (-23 - -88) + 11 - 20?
56
What is -1412 + 1393 + (6 - 1) + 93?
79
Calculate -9 - (-7 + 47 + -5 + (-3 - -11) + -8).
-44
-30 - (20 + 23) - ((-6 - -4) + -1)
-70
Calculate 11 + 36 + -46 - 40.
-39
What is 2 - -110 - ((4 - 2 - -10) + (-75 - -74))?
101
0 - (-180 + 86 - -40)
54
Calculate -16 + -5 - (44 - 71) - 77.
-71
Calculate 0 + -9 + -9 + -6 + 1 + 56 + 17.
50
What is -40 + 19 + 15 + 30?
24
What is the value of (3 - (43 - 9 - 23)) + -3 + 104?
93
Calculate 4 + ((27 - (1 + -13)) + 7 - 6).
44
What is -11 + 5 + -68 - (9 - (9 - (-19 + 16)))?
-71
Evaluate (-2 - 1) + -3 + ((27 - 7) + -38 - -24).
0
What is the value of -5 + 12 + -4 + 2 + 0 + -1 + 1?
5
Evaluate -105 + 14 + 46 + -65.
-110
Evaluate (9 - (1 + 0)) + 1995 + -2012.
-9
Calculate -6 + 18 + -16 - -26.
22
What is (-11 - 0) + (-67 - -9) + (-1 - -9 - 6)?
-67
What is 91 - 0 - (372 - 329)?
48
Calculate -24 + (11 + 169 - 37) + (-1 - 22).
96
What is the value of 3 - -1 - (2 + 7 + -11)?
6
What is 26 - (1 + 2 + (9 - 6) + -12)?
32
What is 117 - 68 - 60 - -26?
15
What is -2 + -128 - -89 - -20?
-21
Calculate -18 + 54 + -117 + 182.
101
Calculate (-30 - (-21 + -26)) + (-2 - ((1 - 14) + 4)).
24
-73 + (11 - 8) + ((-9 - -1) + 14 - -3)
-61
What is the value of 66 + -52 + 35 + -36?
13
-97 + -57 + 121 + -21
-54
What is the value of 1 + 5 - (2 + 4 - 4) - (0 + 44)?
-40
Calculate (-312 - 21 - -395) + 32 + -1.
93
What is the value of 7 + (3 - (6 - -9)) - ((27 - 17) + 23)?
-38
Calculate -17 + -47 + 84 + -8 + -4 - (-1 + 99).
-90
Calculate -27 + 17 + -33 - -33.
-10
What is -1 + 17 + (119 - 147) - (-59 - -18)?
29
Calculate -22 + -1 - ((16 - 43) + -13).
17
-24 + 1 + 2 - (34 + -27 + -11)
-17
-9 + 105 + -46 - 73
-23
Evaluate (-9 - -2 - -9) + (-19 - (-31 + 9 + -9)).
14
-191 + 171 + 23 - (40 - 1)
-36
-16 + -1 - (-16 - (-43 - (-35 + -3)))
-6
What is (-14 - (-5 + 1)) + (-6 + 36 - -10)?
30
Evaluate 28 - (9 + -16) - (6 - (-3 + -6)).
20
Calculate (-20 + 13 - -22 - 4) + 2 + 11.
24
Calculate -391 + 373 + 2 + 10.
-6
Calculate -17 + (-139 - (-12 - 5 - 7)) + 4.
-128
138 + (259 - 399) + 0 + (-1 - -1)
-2
(0 - (-3 + -8 + 5)) + 1 - 50
-43
Calculate 20 + -8 - (20 - (31 - 1) - -30).
-8
Calcu